[INFO] cloning repository https://github.com/thegenius/gateway
[INFO] running `Command { std: "git" "-c" "credential.helper=" "-c" "credential.helper=/workspace/cargo-home/bin/git-credential-null" "clone" "--bare" "https://github.com/thegenius/gateway" "/workspace/cache/git-repos/https%3A%2F%2Fgithub.com%2Fthegenius%2Fgateway", kill_on_drop: false }`
[INFO] [stderr] Cloning into bare repository '/workspace/cache/git-repos/https%3A%2F%2Fgithub.com%2Fthegenius%2Fgateway'...
[INFO] running `Command { std: "git" "rev-parse" "HEAD", kill_on_drop: false }`
[INFO] [stdout] d79142de50ce70ba2b7a689a2c74d63f31729496
[INFO] checking thegenius/gateway against master#cfbc6d4cf1acbac5c025acf8ed68929caa551df3 for pr-75494-beta
[INFO] running `Command { std: "git" "clone" "/workspace/cache/git-repos/https%3A%2F%2Fgithub.com%2Fthegenius%2Fgateway" "/workspace/builds/worker-7/source", kill_on_drop: false }`
[INFO] [stderr] Cloning into '/workspace/builds/worker-7/source'...
[INFO] [stderr] done.
[INFO] validating manifest of git repo https://github.com/thegenius/gateway on toolchain cfbc6d4cf1acbac5c025acf8ed68929caa551df3
[INFO] running `Command { std: "/workspace/cargo-home/bin/cargo" "+cfbc6d4cf1acbac5c025acf8ed68929caa551df3" "read-manifest" "--manifest-path" "Cargo.toml", kill_on_drop: false }`
[INFO] started tweaking git repo https://github.com/thegenius/gateway
[INFO] finished tweaking git repo https://github.com/thegenius/gateway
[INFO] tweaked toml for git repo https://github.com/thegenius/gateway written to /workspace/builds/worker-7/source/Cargo.toml
[INFO] crate git repo https://github.com/thegenius/gateway already has a lockfile, it will not be regenerated
[INFO] running `Command { std: "/workspace/cargo-home/bin/cargo" "+cfbc6d4cf1acbac5c025acf8ed68929caa551df3" "fetch" "--locked" "--manifest-path" "Cargo.toml", kill_on_drop: false }`
[INFO] [stderr]  Downloading crates ...
[INFO] [stderr]   Downloaded openssl v0.10.20
[INFO] [stderr]   Downloaded clang-sys v0.26.4
[INFO] [stderr]   Downloaded tokio-signal v0.2.8
[INFO] [stderr]   Downloaded librocksdb-sys v5.17.2
[INFO] [stderr]   Downloaded reqwest v0.9.12
[INFO] [stderr]   Downloaded openssl-sys v0.9.43
[INFO] [stderr]   Downloaded bindgen v0.47.3
[INFO] [stderr]   Downloaded rocksdb v0.12.0
[INFO] running `Command { std: "docker" "create" "-v" "/var/lib/crater-agent-workspace/builds/worker-7/target:/opt/rustwide/target:rw,Z" "-v" "/var/lib/crater-agent-workspace/builds/worker-7/source:/opt/rustwide/workdir:ro,Z" "-v" "/var/lib/crater-agent-workspace/cargo-home:/opt/rustwide/cargo-home:ro,Z" "-v" "/var/lib/crater-agent-workspace/rustup-home:/opt/rustwide/rustup-home:ro,Z" "-e" "SOURCE_DIR=/opt/rustwide/workdir" "-e" "CARGO_TARGET_DIR=/opt/rustwide/target" "-e" "CARGO_HOME=/opt/rustwide/cargo-home" "-e" "RUSTUP_HOME=/opt/rustwide/rustup-home" "-w" "/opt/rustwide/workdir" "-m" "1610612736" "--user" "0:0" "--network" "none" "rustops/crates-build-env@sha256:a636fd89d022f18117e1dc8fb37a0a009933cdbbe082814857f0e2024962d47c" "/opt/rustwide/cargo-home/bin/cargo" "+cfbc6d4cf1acbac5c025acf8ed68929caa551df3" "metadata" "--no-deps" "--format-version=1", kill_on_drop: false }`
[INFO] [stdout] ac79f488c3e940910c0cc75f1dbd45a02bd8aff320c0379bcd92849078c1164d
[INFO] [stderr] WARNING: Your kernel does not support swap limit capabilities or the cgroup is not mounted. Memory limited without swap.
[INFO] running `Command { std: "docker" "start" "-a" "ac79f488c3e940910c0cc75f1dbd45a02bd8aff320c0379bcd92849078c1164d", kill_on_drop: false }`
[INFO] running `Command { std: "docker" "inspect" "ac79f488c3e940910c0cc75f1dbd45a02bd8aff320c0379bcd92849078c1164d", kill_on_drop: false }`
[INFO] running `Command { std: "docker" "rm" "-f" "ac79f488c3e940910c0cc75f1dbd45a02bd8aff320c0379bcd92849078c1164d", kill_on_drop: false }`
[INFO] [stdout] ac79f488c3e940910c0cc75f1dbd45a02bd8aff320c0379bcd92849078c1164d
[INFO] running `Command { std: "docker" "create" "-v" "/var/lib/crater-agent-workspace/builds/worker-7/target:/opt/rustwide/target:rw,Z" "-v" "/var/lib/crater-agent-workspace/builds/worker-7/source:/opt/rustwide/workdir:ro,Z" "-v" "/var/lib/crater-agent-workspace/cargo-home:/opt/rustwide/cargo-home:ro,Z" "-v" "/var/lib/crater-agent-workspace/rustup-home:/opt/rustwide/rustup-home:ro,Z" "-e" "SOURCE_DIR=/opt/rustwide/workdir" "-e" "CARGO_TARGET_DIR=/opt/rustwide/target" "-e" "CARGO_INCREMENTAL=0" "-e" "RUST_BACKTRACE=full" "-e" "RUSTFLAGS=--cap-lints=forbid" "-e" "CARGO_HOME=/opt/rustwide/cargo-home" "-e" "RUSTUP_HOME=/opt/rustwide/rustup-home" "-w" "/opt/rustwide/workdir" "-m" "1610612736" "--user" "0:0" "--network" "none" "rustops/crates-build-env@sha256:a636fd89d022f18117e1dc8fb37a0a009933cdbbe082814857f0e2024962d47c" "/opt/rustwide/cargo-home/bin/cargo" "+cfbc6d4cf1acbac5c025acf8ed68929caa551df3" "check" "--frozen" "--all" "--all-targets" "--message-format=json", kill_on_drop: false }`
[INFO] [stdout] dcd73ed76859060d3676c444a726f94763f50258ef75d8d6308f737a1e4cf52d
[INFO] [stderr] WARNING: Your kernel does not support swap limit capabilities or the cgroup is not mounted. Memory limited without swap.
[INFO] running `Command { std: "docker" "start" "-a" "dcd73ed76859060d3676c444a726f94763f50258ef75d8d6308f737a1e4cf52d", kill_on_drop: false }`
[INFO] [stderr]     Blocking waiting for file lock on package cache
[INFO] [stderr]    Compiling arrayvec v0.4.10
[INFO] [stderr]    Compiling cfg-if v0.1.7
[INFO] [stderr]    Compiling nodrop v0.1.13
[INFO] [stderr]    Compiling scopeguard v0.3.3
[INFO] [stderr]    Compiling rayon-core v1.4.1
[INFO] [stderr]    Compiling memoffset v0.2.1
[INFO] [stderr]    Compiling rayon v1.0.3
[INFO] [stderr]    Compiling either v1.5.1
[INFO] [stderr]    Compiling autocfg v0.1.2
[INFO] [stderr]    Compiling byteorder v1.3.1
[INFO] [stderr]     Checking lazy_static v1.3.0
[INFO] [stderr]     Checking rand_core v0.4.0
[INFO] [stderr]     Checking futures v0.1.25
[INFO] [stderr]    Compiling unicode-xid v0.1.0
[INFO] [stderr]     Checking smallvec v0.6.9
[INFO] [stderr]    Compiling syn v0.15.29
[INFO] [stderr]     Checking stable_deref_trait v1.1.1
[INFO] [stderr]     Checking lazycell v1.2.1
[INFO] [stderr]     Checking encoding_index_tests v0.1.4
[INFO] [stderr]     Checking percent-encoding v1.0.1
[INFO] [stderr]    Compiling regex v1.1.2
[INFO] [stderr]    Compiling glob v0.2.11
[INFO] [stderr]    Compiling pkg-config v0.3.14
[INFO] [stderr]    Compiling rustc-demangle v0.1.13
[INFO] [stderr]    Compiling siphasher v0.2.3
[INFO] [stderr]     Checking itoa v0.4.3
[INFO] [stderr]    Compiling ucd-util v0.1.3
[INFO] [stderr]    Compiling quick-error v1.2.2
[INFO] [stderr]    Compiling unicode-width v0.1.5
[INFO] [stderr]    Compiling build_const v0.2.1
[INFO] [stderr]    Compiling utf8-ranges v1.0.2
[INFO] [stderr]     Checking bitflags v1.0.4
[INFO] [stderr]    Compiling strsim v0.7.0
[INFO] [stderr]    Compiling bindgen v0.47.3
[INFO] [stderr]    Compiling termcolor v1.0.4
[INFO] [stderr]    Compiling ansi_term v0.11.0
[INFO] [stderr]    Compiling peeking_take_while v0.1.2
[INFO] [stderr]     Checking string v0.1.3
[INFO] [stderr]     Checking adler32 v1.0.3
[INFO] [stderr]    Compiling ryu v0.2.7
[INFO] [stderr]    Compiling openssl v0.10.20
[INFO] [stderr]    Compiling native-tls v0.2.2
[INFO] [stderr]    Compiling encoding_rs v0.8.17
[INFO] [stderr]     Checking dtoa v0.4.3
[INFO] [stderr]     Checking sha1 v0.6.0
[INFO] [stderr]    Compiling thread_local v0.3.6
[INFO] [stderr]    Compiling nom v4.2.3
[INFO] [stderr]    Compiling unicase v2.3.0
[INFO] [stderr]    Compiling v_escape v0.3.2
[INFO] [stderr]    Compiling v_htmlescape v0.3.2
[INFO] [stderr]    Compiling actix-web v0.7.18
[INFO] [stderr]    Compiling crossbeam-utils v0.2.2
[INFO] [stderr]    Compiling log v0.4.6
[INFO] [stderr]     Checking tokio-trace-core v0.1.0
[INFO] [stderr]     Checking crossbeam-utils v0.6.5
[INFO] [stderr]     Checking owning_ref v0.4.0
[INFO] [stderr]     Checking encoding-index-korean v1.20141219.5
[INFO] [stderr]     Checking encoding-index-tradchinese v1.20141219.5
[INFO] [stderr]     Checking encoding-index-japanese v1.20141219.5
[INFO] [stderr]     Checking encoding-index-simpchinese v1.20141219.5
[INFO] [stderr]     Checking encoding-index-singlebyte v1.20141219.5
[INFO] [stderr]     Checking rand_core v0.3.1
[INFO] [stderr]     Checking rand_jitter v0.1.3
[INFO] [stderr]     Checking unicode-normalization v0.1.8
[INFO] [stderr]    Compiling humantime v1.2.0
[INFO] [stderr]    Compiling regex-syntax v0.6.5
[INFO] [stderr]    Compiling textwrap v0.10.0
[INFO] [stderr]    Compiling rand_pcg v0.1.2
[INFO] [stderr]    Compiling rand_chacha v0.1.1
[INFO] [stderr]    Compiling rand v0.6.5
[INFO] [stderr]    Compiling backtrace v0.3.14
[INFO] [stderr]     Checking lru-cache v0.1.2
[INFO] [stderr]     Checking miniz_oxide v0.2.1
[INFO] [stderr]    Compiling crc v1.8.1
[INFO] [stderr]    Compiling libc v0.2.50
[INFO] [stderr]    Compiling unicase v1.4.2
[INFO] [stderr]    Compiling proc-macro2 v0.4.27
[INFO] [stderr]    Compiling clang-sys v0.26.4
[INFO] [stderr]    Compiling memchr v2.2.0
[INFO] [stderr]     Checking rand_xorshift v0.1.1
[INFO] [stderr]     Checking rand_hc v0.1.0
[INFO] [stderr]     Checking rand_isaac v0.1.1
[INFO] [stderr]     Checking lock_api v0.1.5
[INFO] [stderr]     Checking crossbeam-queue v0.1.2
[INFO] [stderr]     Checking crossbeam-channel v0.3.8
[INFO] [stderr]     Checking crc32fast v1.2.0
[INFO] [stderr]     Checking encoding v0.2.33
[INFO] [stderr]     Checking iovec v0.1.2
[INFO] [stderr]     Checking rand_os v0.1.3
[INFO] [stderr]     Checking num_cpus v1.10.0
[INFO] [stderr]     Checking net2 v0.2.33
[INFO] [stderr]     Checking rand v0.5.6
[INFO] [stderr]     Checking socket2 v0.3.8
[INFO] [stderr]     Checking hostname v0.1.5
[INFO] [stderr]     Checking listenfd v0.3.3
[INFO] [stderr]    Compiling parking_lot_core v0.4.0
[INFO] [stderr]     Checking aho-corasick v0.6.10
[INFO] [stderr]     Checking tokio-executor v0.1.7
[INFO] [stderr]     Checking tokio-sync v0.1.4
[INFO] [stderr]     Checking want v0.0.6
[INFO] [stderr]     Checking tower-service v0.1.0
[INFO] [stderr]    Compiling atty v0.2.11
[INFO] [stderr]     Checking bytes v0.4.12
[INFO] [stderr]     Checking base64 v0.9.3
[INFO] [stderr]     Checking base64 v0.10.1
[INFO] [stderr]     Checking futures-cpupool v0.1.8
[INFO] [stderr]     Checking resolv-conf v0.6.2
[INFO] [stderr]    Compiling quote v0.6.11
[INFO] [stderr]    Compiling crossbeam-epoch v0.3.1
[INFO] [stderr]    Compiling hashbrown v0.1.8
[INFO] [stderr]     Checking crossbeam-epoch v0.7.1
[INFO] [stderr]     Checking mio v0.6.16
[INFO] [stderr]    Compiling phf_shared v0.7.24
[INFO] [stderr]     Checking serde_json v1.0.39
[INFO] [stderr]     Checking idna v0.1.5
[INFO] [stderr]     Checking tokio-timer v0.2.10
[INFO] [stderr]     Checking tokio-current-thread v0.1.6
[INFO] [stderr]     Checking mime v0.3.13
[INFO] [stderr]    Compiling clap v2.32.0
[INFO] [stderr]     Checking tokio-io v0.1.12
[INFO] [stderr]     Checking http v0.1.16
[INFO] [stderr]     Checking phf v0.7.24
[INFO] [stderr]    Compiling crossbeam-deque v0.2.0
[INFO] [stderr]     Checking crossbeam-deque v0.7.1
[INFO] [stderr]    Compiling cexpr v0.3.5
[INFO] [stderr]     Checking url v1.7.2
[INFO] [stderr]     Checking tokio-codec v0.1.1
[INFO] [stderr]     Checking mio-uds v0.6.7
[INFO] [stderr]     Checking tokio-threadpool v0.1.13
[INFO] [stderr]     Checking uuid v0.7.2
[INFO] [stderr]     Checking parking_lot v0.7.1
[INFO] [stderr]     Checking serde_urlencoded v0.5.4
[INFO] [stderr]    Compiling phf_generator v0.7.24
[INFO] [stderr]     Checking tokio-reactor v0.1.9
[INFO] [stderr]    Compiling phf_codegen v0.7.24
[INFO] [stderr]     Checking tokio-fs v0.1.6
[INFO] [stderr]    Compiling mime_guess v2.0.0-alpha.6
[INFO] [stderr]     Checking tokio-udp v0.1.3
[INFO] [stderr]     Checking tokio-tcp v0.1.3
[INFO] [stderr]     Checking tokio-uds v0.2.5
[INFO] [stderr]     Checking tokio-signal v0.2.8
[INFO] [stderr]     Checking h2 v0.1.17
[INFO] [stderr]     Checking tokio v0.1.18
[INFO] [stderr]    Compiling env_logger v0.6.1
[INFO] [stderr]    Compiling cc v1.0.31
[INFO] [stderr]     Checking hyper v0.12.25
[INFO] [stderr]    Compiling backtrace-sys v0.1.28
[INFO] [stderr]    Compiling openssl-sys v0.9.43
[INFO] [stderr]    Compiling libloading v0.5.0
[INFO] [stderr]    Compiling miniz-sys v0.1.11
[INFO] [stderr]    Compiling miniz_oxide_c_api v0.2.1
[INFO] [stderr]    Compiling brotli-sys v0.3.2
[INFO] [stderr]    Compiling ring v0.13.5
[INFO] [stderr]    Compiling synstructure v0.10.1
[INFO] [stderr]     Checking flate2 v1.0.7
[INFO] [stderr]     Checking brotli2 v0.3.2
[INFO] [stderr]    Compiling failure_derive v0.1.5
[INFO] [stderr]    Compiling actix_derive v0.3.2
[INFO] [stderr]    Compiling v_escape_derive v0.2.1
[INFO] [stderr]    Compiling serde_derive v1.0.89
[INFO] [stderr]     Checking cookie v0.11.0
[INFO] [stderr]     Checking hyper-tls v0.3.2
[INFO] [stderr]    Compiling failure v0.1.5
[INFO] [stderr]     Checking reqwest v0.9.12
[INFO] [stderr]     Checking trust-dns-proto v0.6.3
[INFO] [stderr]     Checking trust-dns-proto v0.5.0
[INFO] [stderr]    Compiling which v2.0.1
[INFO] [stderr]     Checking trust-dns-resolver v0.10.3
[INFO] [stderr]     Checking actix v0.7.9
[INFO] [stderr]     Checking actix-net v0.2.6
[INFO] [stderr]    Compiling librocksdb-sys v5.17.2
[INFO] [stderr] The following warnings were emitted during compilation:
[INFO] [stderr] 
[INFO] [stderr] warning: c++: fatal error: Killed signal terminated program cc1plus
[INFO] [stderr] warning: compilation terminated.
[INFO] [stderr] warning: c++: fatal error: Killed signal terminated program cc1plus
[INFO] [stderr] warning: compilation terminated.
[INFO] [stderr] warning: In file included from rocksdb/db/range_del_aggregator.h:17,
[INFO] [stderr] warning:                  from rocksdb/db/memtable.h:19,
[INFO] [stderr] warning:                  from rocksdb/db/memtable_list.h:17,
[INFO] [stderr] warning:                  from rocksdb/db/column_family.h:17,
[INFO] [stderr] warning:                  from rocksdb/db/db_impl.h:22,
[INFO] [stderr] warning:                  from rocksdb/db/experimental.cc:8:
[INFO] [stderr] warning: rocksdb/db/version_edit.h: In constructor 'rocksdb::FdWithKeyRange::FdWithKeyRange(rocksdb::FileDescriptor, rocksdb::Slice, rocksdb::Slice, rocksdb::FileMetaData*)':
[INFO] [stderr] warning: rocksdb/db/version_edit.h:178:33: warning: implicitly-declared 'constexpr rocksdb::FileDescriptor::FileDescriptor(const rocksdb::FileDescriptor&)' is deprecated [-Wdeprecated-copy]
[INFO] [stderr] warning:   178 |         largest_key(_largest_key) {}
[INFO] [stderr] warning:       |                                 ^
[INFO] [stderr] warning: rocksdb/db/version_edit.h:55:19: note: because 'rocksdb::FileDescriptor' has user-provided 'rocksdb::FileDescriptor& rocksdb::FileDescriptor::operator=(const rocksdb::FileDescriptor&)'
[INFO] [stderr] warning:    55 |   FileDescriptor& operator=(const FileDescriptor& fd) {
[INFO] [stderr] warning:       |                   ^~~~~~~~
[INFO] [stderr] warning: In file included from rocksdb/db/range_del_aggregator.h:17,
[INFO] [stderr] warning:                  from rocksdb/table/get_context.h:9,
[INFO] [stderr] warning:                  from rocksdb/table/get_context.cc:6:
[INFO] [stderr] warning: rocksdb/db/version_edit.h: In constructor 'rocksdb::FdWithKeyRange::FdWithKeyRange(rocksdb::FileDescriptor, rocksdb::Slice, rocksdb::Slice, rocksdb::FileMetaData*)':
[INFO] [stderr] warning: rocksdb/db/version_edit.h:178:33: warning: implicitly-declared 'constexpr rocksdb::FileDescriptor::FileDescriptor(const rocksdb::FileDescriptor&)' is deprecated [-Wdeprecated-copy]
[INFO] [stderr] warning:   178 |         largest_key(_largest_key) {}
[INFO] [stderr] warning:       |                                 ^
[INFO] [stderr] warning: rocksdb/db/version_edit.h:55:19: note: because 'rocksdb::FileDescriptor' has user-provided 'rocksdb::FileDescriptor& rocksdb::FileDescriptor::operator=(const rocksdb::FileDescriptor&)'
[INFO] [stderr] warning:    55 |   FileDescriptor& operator=(const FileDescriptor& fd) {
[INFO] [stderr] warning:       |                   ^~~~~~~~
[INFO] [stderr] warning: c++: fatal error: Killed signal terminated program cc1plus
[INFO] [stderr] warning: compilation terminated.
[INFO] [stderr] warning: c++: fatal error: Killed signal terminated program cc1plus
[INFO] [stderr] warning: compilation terminated.
[INFO] [stderr] warning: In file included from rocksdb/utilities/persistent_cache/block_cache_tier_file.h:20,
[INFO] [stderr] warning:                  from rocksdb/utilities/persistent_cache/block_cache_tier.h:26,
[INFO] [stderr] warning:                  from rocksdb/utilities/persistent_cache/block_cache_tier.cc:7:
[INFO] [stderr] warning: rocksdb/utilities/persistent_cache/persistent_cache_util.h: In instantiation of 'T rocksdb::BoundedQueue<T>::Pop() [with T = rocksdb::BlockCacheTier::InsertOp]':
[INFO] [stderr] warning: rocksdb/utilities/persistent_cache/block_cache_tier.cc:192:33:   required from here
[INFO] [stderr] warning: rocksdb/utilities/persistent_cache/persistent_cache_util.h:51:23: warning: moving a local object in a return statement prevents copy elision [-Wpessimizing-move]
[INFO] [stderr] warning:    51 |     return std::move(t);
[INFO] [stderr] warning:       |                       ^
[INFO] [stderr] warning: rocksdb/utilities/persistent_cache/persistent_cache_util.h:51:23: note: remove 'std::move' call
[INFO] [stderr] warning: In file included from rocksdb/db/range_del_aggregator.h:17,
[INFO] [stderr] warning:                  from rocksdb/db/memtable.h:19,
[INFO] [stderr] warning:                  from rocksdb/db/memtable_list.h:17,
[INFO] [stderr] warning:                  from rocksdb/db/column_family.h:17,
[INFO] [stderr] warning:                  from rocksdb/db/write_thread.cc:9:
[INFO] [stderr] warning: rocksdb/db/version_edit.h: In constructor 'rocksdb::FdWithKeyRange::FdWithKeyRange(rocksdb::FileDescriptor, rocksdb::Slice, rocksdb::Slice, rocksdb::FileMetaData*)':
[INFO] [stderr] warning: rocksdb/db/version_edit.h:178:33: warning: implicitly-declared 'constexpr rocksdb::FileDescriptor::FileDescriptor(const rocksdb::FileDescriptor&)' is deprecated [-Wdeprecated-copy]
[INFO] [stderr] warning:   178 |         largest_key(_largest_key) {}
[INFO] [stderr] warning:       |                                 ^
[INFO] [stderr] warning: rocksdb/db/version_edit.h:55:19: note: because 'rocksdb::FileDescriptor' has user-provided 'rocksdb::FileDescriptor& rocksdb::FileDescriptor::operator=(const rocksdb::FileDescriptor&)'
[INFO] [stderr] warning:    55 |   FileDescriptor& operator=(const FileDescriptor& fd) {
[INFO] [stderr] warning:       |                   ^~~~~~~~
[INFO] [stderr] warning: rocksdb/db/version_edit.h: In instantiation of 'constexpr std::pair<_T1, _T2>::pair(_U1&&, _U2&&) [with _U1 = int&; _U2 = rocksdb::FileMetaData; typename std::enable_if<(std::_PCC<true, _T1, _T2>::_MoveConstructiblePair<_U1, _U2>() && std::_PCC<true, _T1, _T2>::_ImplicitlyMoveConvertiblePair<_U1, _U2>()), bool>::type <anonymous> = true; _T1 = int; _T2 = rocksdb::FileMetaData]':
[INFO] [stderr] warning: /usr/include/c++/9/ext/new_allocator.h:147:4:   required from 'void __gnu_cxx::new_allocator<_Tp>::construct(_Up*, _Args&& ...) [with _Up = std::pair<int, rocksdb::FileMetaData>; _Args = {int&, rocksdb::FileMetaData}; _Tp = std::pair<int, rocksdb::FileMetaData>]'
[INFO] [stderr] warning: /usr/include/c++/9/bits/alloc_traits.h:484:4:   required from 'static void std::allocator_traits<std::allocator<_CharT> >::construct(std::allocator_traits<std::allocator<_CharT> >::allocator_type&, _Up*, _Args&& ...) [with _Up = std::pair<int, rocksdb::FileMetaData>; _Args = {int&, rocksdb::FileMetaData}; _Tp = std::pair<int, rocksdb::FileMetaData>; std::allocator_traits<std::allocator<_CharT> >::allocator_type = std::allocator<std::pair<int, rocksdb::FileMetaData> >]'
[INFO] [stderr] warning: /usr/include/c++/9/bits/vector.tcc:115:30:   required from 'void std::vector<_Tp, _Alloc>::emplace_back(_Args&& ...) [with _Args = {int&, rocksdb::FileMetaData}; _Tp = std::pair<int, rocksdb::FileMetaData>; _Alloc = std::allocator<std::pair<int, rocksdb::FileMetaData> >]'
[INFO] [stderr] warning: rocksdb/db/version_edit.h:249:48:   required from here
[INFO] [stderr] warning: rocksdb/db/version_edit.h:86:8: warning: implicitly-declared 'constexpr rocksdb::FileDescriptor::FileDescriptor(const rocksdb::FileDescriptor&)' is deprecated [-Wdeprecated-copy]
[INFO] [stderr] warning:    86 | struct FileMetaData {
[INFO] [stderr] warning:       |        ^~~~~~~~~~~~
[INFO] [stderr] warning: rocksdb/db/version_edit.h:55:19: note: because 'rocksdb::FileDescriptor' has user-provided 'rocksdb::FileDescriptor& rocksdb::FileDescriptor::operator=(const rocksdb::FileDescriptor&)'
[INFO] [stderr] warning:    55 |   FileDescriptor& operator=(const FileDescriptor& fd) {
[INFO] [stderr] warning:       |                   ^~~~~~~~
[INFO] [stderr] warning: In file included from /usr/include/c++/9/bits/stl_algobase.h:64,
[INFO] [stderr] warning:                  from /usr/include/c++/9/bits/char_traits.h:39,
[INFO] [stderr] warning:                  from /usr/include/c++/9/string:40,
[INFO] [stderr] warning:                  from rocksdb/table/get_context.h:7,
[INFO] [stderr] warning:                  from rocksdb/table/get_context.cc:6:
[INFO] [stderr] warning: /usr/include/c++/9/bits/stl_pair.h:342:64: note: synthesized method 'rocksdb::FileMetaData::FileMetaData(rocksdb::FileMetaData&&)' first required here
[INFO] [stderr] warning:   342 |  : first(std::forward<_U1>(__x)), second(std::forward<_U2>(__y)) { }
[INFO] [stderr] warning:       |                                                                ^
[INFO] [stderr] warning: In file included from rocksdb/db/range_del_aggregator.h:17,
[INFO] [stderr] warning:                  from rocksdb/table/get_context.h:9,
[INFO] [stderr] warning:                  from rocksdb/table/get_context.cc:6:
[INFO] [stderr] warning: rocksdb/db/version_edit.h: In instantiation of 'constexpr std::pair<_T1, _T2>::pair(_U1&&, const _T2&) [with _U1 = int&; typename std::enable_if<std::_PCC<true, _T1, _T2>::_MoveCopyPair<true, _U1, _T2>(), bool>::type <anonymous> = true; _T1 = int; _T2 = rocksdb::FileMetaData]':
[INFO] [stderr] warning: /usr/include/c++/9/ext/new_allocator.h:147:4:   required from 'void __gnu_cxx::new_allocator<_Tp>::construct(_Up*, _Args&& ...) [with _Up = std::pair<int, rocksdb::FileMetaData>; _Args = {int&, const rocksdb::FileMetaData&}; _Tp = std::pair<int, rocksdb::FileMetaData>]'
[INFO] [stderr] warning: /usr/include/c++/9/bits/alloc_traits.h:484:4:   required from 'static void std::allocator_traits<std::allocator<_CharT> >::construct(std::allocator_traits<std::allocator<_CharT> >::allocator_type&, _Up*, _Args&& ...) [with _Up = std::pair<int, rocksdb::FileMetaData>; _Args = {int&, const rocksdb::FileMetaData&}; _Tp = std::pair<int, rocksdb::FileMetaData>; std::allocator_traits<std::allocator<_CharT> >::allocator_type = std::allocator<std::pair<int, rocksdb::FileMetaData> >]'
[INFO] [stderr] warning: /usr/include/c++/9/bits/vector.tcc:115:30:   required from 'void std::vector<_Tp, _Alloc>::emplace_back(_Args&& ...) [with _Args = {int&, const rocksdb::FileMetaData&}; _Tp = std::pair<int, rocksdb::FileMetaData>; _Alloc = std::allocator<std::pair<int, rocksdb::FileMetaData> >]'
[INFO] [stderr] warning: rocksdb/db/version_edit.h:254:37:   required from here
[INFO] [stderr] warning: rocksdb/db/version_edit.h:86:8: warning: implicitly-declared 'constexpr rocksdb::FileDescriptor::FileDescriptor(const rocksdb::FileDescriptor&)' is deprecated [-Wdeprecated-copy]
[INFO] [stderr] warning:    86 | struct FileMetaData {
[INFO] [stderr] warning:       |        ^~~~~~~~~~~~
[INFO] [stderr] warning: rocksdb/db/version_edit.h:55:19: note: because 'rocksdb::FileDescriptor' has user-provided 'rocksdb::FileDescriptor& rocksdb::FileDescriptor::operator=(const rocksdb::FileDescriptor&)'
[INFO] [stderr] warning:    55 |   FileDescriptor& operator=(const FileDescriptor& fd) {
[INFO] [stderr] warning:       |                   ^~~~~~~~
[INFO] [stderr] warning: In file included from /usr/include/c++/9/bits/stl_algobase.h:64,
[INFO] [stderr] warning:                  from /usr/include/c++/9/bits/char_traits.h:39,
[INFO] [stderr] warning:                  from /usr/include/c++/9/string:40,
[INFO] [stderr] warning:                  from rocksdb/table/get_context.h:7,
[INFO] [stderr] warning:                  from rocksdb/table/get_context.cc:6:
[INFO] [stderr] warning: /usr/include/c++/9/bits/stl_pair.h:312:51: note: synthesized method 'rocksdb::FileMetaData::FileMetaData(const rocksdb::FileMetaData&)' first required here
[INFO] [stderr] warning:   312 |        : first(std::forward<_U1>(__x)), second(__y) { }
[INFO] [stderr] warning:       |                                                   ^
[INFO] [stderr] warning: rocksdb/db/version_edit.h: In instantiation of 'constexpr std::pair<_T1, _T2>::pair(_U1&&, _U2&&) [with _U1 = int&; _U2 = rocksdb::FileMetaData; typename std::enable_if<(std::_PCC<true, _T1, _T2>::_MoveConstructiblePair<_U1, _U2>() && std::_PCC<true, _T1, _T2>::_ImplicitlyMoveConvertiblePair<_U1, _U2>()), bool>::type <anonymous> = true; _T1 = int; _T2 = rocksdb::FileMetaData]':
[INFO] [stderr] warning: /usr/include/c++/9/ext/new_allocator.h:147:4:   required from 'void __gnu_cxx::new_allocator<_Tp>::construct(_Up*, _Args&& ...) [with _Up = std::pair<int, rocksdb::FileMetaData>; _Args = {int&, rocksdb::FileMetaData}; _Tp = std::pair<int, rocksdb::FileMetaData>]'
[INFO] [stderr] warning: /usr/include/c++/9/bits/alloc_traits.h:484:4:   required from 'static void std::allocator_traits<std::allocator<_CharT> >::construct(std::allocator_traits<std::allocator<_CharT> >::allocator_type&, _Up*, _Args&& ...) [with _Up = std::pair<int, rocksdb::FileMetaData>; _Args = {int&, rocksdb::FileMetaData}; _Tp = std::pair<int, rocksdb::FileMetaData>; std::allocator_traits<std::allocator<_CharT> >::allocator_type = std::allocator<std::pair<int, rocksdb::FileMetaData> >]'
[INFO] [stderr] warning: /usr/include/c++/9/bits/vector.tcc:115:30:   required from 'void std::vector<_Tp, _Alloc>::emplace_back(_Args&& ...) [with _Args = {int&, rocksdb::FileMetaData}; _Tp = std::pair<int, rocksdb::FileMetaData>; _Alloc = std::allocator<std::pair<int, rocksdb::FileMetaData> >]'
[INFO] [stderr] warning: rocksdb/db/version_edit.h:249:48:   required from here
[INFO] [stderr] warning: rocksdb/db/version_edit.h:86:8: warning: implicitly-declared 'constexpr rocksdb::FileDescriptor::FileDescriptor(const rocksdb::FileDescriptor&)' is deprecated [-Wdeprecated-copy]
[INFO] [stderr] warning:    86 | struct FileMetaData {
[INFO] [stderr] warning:       |        ^~~~~~~~~~~~
[INFO] [stderr] warning: rocksdb/db/version_edit.h:55:19: note: because 'rocksdb::FileDescriptor' has user-provided 'rocksdb::FileDescriptor& rocksdb::FileDescriptor::operator=(const rocksdb::FileDescriptor&)'
[INFO] [stderr] warning:    55 |   FileDescriptor& operator=(const FileDescriptor& fd) {
[INFO] [stderr] warning:       |                   ^~~~~~~~
[INFO] [stderr] warning: In file included from /usr/include/c++/9/bits/stl_algobase.h:64,
[INFO] [stderr] warning:                  from /usr/include/c++/9/bits/char_traits.h:39,
[INFO] [stderr] warning:                  from /usr/include/c++/9/string:40,
[INFO] [stderr] warning:                  from /usr/include/c++/9/stdexcept:39,
[INFO] [stderr] warning:                  from /usr/include/c++/9/system_error:41,
[INFO] [stderr] warning:                  from /usr/include/c++/9/bits/std_mutex.h:39,
[INFO] [stderr] warning:                  from /usr/include/c++/9/condition_variable:39,
[INFO] [stderr] warning:                  from rocksdb/db/write_thread.h:12,
[INFO] [stderr] warning:                  from rocksdb/db/write_thread.cc:6:
[INFO] [stderr] warning: /usr/include/c++/9/bits/stl_pair.h:342:64: note: synthesized method 'rocksdb::FileMetaData::FileMetaData(rocksdb::FileMetaData&&)' first required here
[INFO] [stderr] warning:   342 |  : first(std::forward<_U1>(__x)), second(std::forward<_U2>(__y)) { }
[INFO] [stderr] warning:       |                                                                ^
[INFO] [stderr] warning: In file included from rocksdb/db/range_del_aggregator.h:17,
[INFO] [stderr] warning:                  from rocksdb/db/memtable.h:19,
[INFO] [stderr] warning:                  from rocksdb/db/memtable_list.h:17,
[INFO] [stderr] warning:                  from rocksdb/db/column_family.h:17,
[INFO] [stderr] warning:                  from rocksdb/db/write_thread.cc:9:
[INFO] [stderr] warning: rocksdb/db/version_edit.h: In instantiation of 'constexpr std::pair<_T1, _T2>::pair(_U1&&, const _T2&) [with _U1 = int&; typename std::enable_if<std::_PCC<true, _T1, _T2>::_MoveCopyPair<true, _U1, _T2>(), bool>::type <anonymous> = true; _T1 = int; _T2 = rocksdb::FileMetaData]':
[INFO] [stderr] warning: /usr/include/c++/9/ext/new_allocator.h:147:4:   required from 'void __gnu_cxx::new_allocator<_Tp>::construct(_Up*, _Args&& ...) [with _Up = std::pair<int, rocksdb::FileMetaData>; _Args = {int&, const rocksdb::FileMetaData&}; _Tp = std::pair<int, rocksdb::FileMetaData>]'
[INFO] [stderr] warning: /usr/include/c++/9/bits/alloc_traits.h:484:4:   required from 'static void std::allocator_traits<std::allocator<_CharT> >::construct(std::allocator_traits<std::allocator<_CharT> >::allocator_type&, _Up*, _Args&& ...) [with _Up = std::pair<int, rocksdb::FileMetaData>; _Args = {int&, const rocksdb::FileMetaData&}; _Tp = std::pair<int, rocksdb::FileMetaData>; std::allocator_traits<std::allocator<_CharT> >::allocator_type = std::allocator<std::pair<int, rocksdb::FileMetaData> >]'
[INFO] [stderr] warning: /usr/include/c++/9/bits/vector.tcc:115:30:   required from 'void std::vector<_Tp, _Alloc>::emplace_back(_Args&& ...) [with _Args = {int&, const rocksdb::FileMetaData&}; _Tp = std::pair<int, rocksdb::FileMetaData>; _Alloc = std::allocator<std::pair<int, rocksdb::FileMetaData> >]'
[INFO] [stderr] warning: rocksdb/db/version_edit.h:254:37:   required from here
[INFO] [stderr] warning: rocksdb/db/version_edit.h:86:8: warning: implicitly-declared 'constexpr rocksdb::FileDescriptor::FileDescriptor(const rocksdb::FileDescriptor&)' is deprecated [-Wdeprecated-copy]
[INFO] [stderr] warning:    86 | struct FileMetaData {
[INFO] [stderr] warning:       |        ^~~~~~~~~~~~
[INFO] [stderr] warning: rocksdb/db/version_edit.h:55:19: note: because 'rocksdb::FileDescriptor' has user-provided 'rocksdb::FileDescriptor& rocksdb::FileDescriptor::operator=(const rocksdb::FileDescriptor&)'
[INFO] [stderr] warning:    55 |   FileDescriptor& operator=(const FileDescriptor& fd) {
[INFO] [stderr] warning:       |                   ^~~~~~~~
[INFO] [stderr] warning: In file included from /usr/include/c++/9/bits/stl_algobase.h:64,
[INFO] [stderr] warning:                  from /usr/include/c++/9/bits/char_traits.h:39,
[INFO] [stderr] warning:                  from /usr/include/c++/9/string:40,
[INFO] [stderr] warning:                  from /usr/include/c++/9/stdexcept:39,
[INFO] [stderr] warning:                  from /usr/include/c++/9/system_error:41,
[INFO] [stderr] warning:                  from /usr/include/c++/9/bits/std_mutex.h:39,
[INFO] [stderr] warning:                  from /usr/include/c++/9/condition_variable:39,
[INFO] [stderr] warning:                  from rocksdb/db/write_thread.h:12,
[INFO] [stderr] warning:                  from rocksdb/db/write_thread.cc:6:
[INFO] [stderr] warning: /usr/include/c++/9/bits/stl_pair.h:312:51: note: synthesized method 'rocksdb::FileMetaData::FileMetaData(const rocksdb::FileMetaData&)' first required here
[INFO] [stderr] warning:   312 |        : first(std::forward<_U1>(__x)), second(__y) { }
[INFO] [stderr] warning:       |                                                   ^
[INFO] [stderr] 
[INFO] [stderr] error: failed to run custom build command for `librocksdb-sys v5.17.2`
[INFO] [stderr] 
[INFO] [stderr] Caused by:
[INFO] [stderr]   process didn't exit successfully: `/opt/rustwide/target/debug/build/librocksdb-sys-89fab9a648a52ff9/build-script-build` (exit code: 101)
[INFO] [stderr]   --- stdout
[INFO] [stderr]   cargo:rerun-if-changed=build.rs
[INFO] [stderr]   cargo:rerun-if-changed=rocksdb/
[INFO] [stderr]   cargo:rerun-if-changed=snappy/
[INFO] [stderr]   cargo:rerun-if-changed=lz4/
[INFO] [stderr]   cargo:rerun-if-changed=zstd/
[INFO] [stderr]   cargo:rerun-if-changed=zlib/
[INFO] [stderr]   cargo:rerun-if-changed=bzip2/
[INFO] [stderr]   NUM_JOBS = Some("14")
[INFO] [stderr]   TARGET = Some("x86_64-unknown-linux-gnu")
[INFO] [stderr]   OPT_LEVEL = Some("0")
[INFO] [stderr]   HOST = Some("x86_64-unknown-linux-gnu")
[INFO] [stderr]   CXX_x86_64-unknown-linux-gnu = None
[INFO] [stderr]   CXX_x86_64_unknown_linux_gnu = None
[INFO] [stderr]   HOST_CXX = None
[INFO] [stderr]   CXX = None
[INFO] [stderr]   CXXFLAGS_x86_64-unknown-linux-gnu = None
[INFO] [stderr]   CXXFLAGS_x86_64_unknown_linux_gnu = None
[INFO] [stderr]   HOST_CXXFLAGS = None
[INFO] [stderr]   CXXFLAGS = None
[INFO] [stderr]   CRATE_CC_NO_DEFAULTS = None
[INFO] [stderr]   DEBUG = Some("true")
[INFO] [stderr]   CARGO_CFG_TARGET_FEATURE = Some("fxsr,sse,sse2")
[INFO] [stderr]   running: "c++" "-O0" "-ffunction-sections" "-fdata-sections" "-fPIC" "-g" "-fno-omit-frame-pointer" "-m64" "-I" "rocksdb/include/" "-I" "rocksdb/" "-I" "rocksdb/third-party/gtest-1.7.0/fused-src/" "-I" "snappy/" "-I" "lz4/lib/" "-I" "zstd/lib/" "-I" "zstd/lib/dictBuilder/" "-I" "zlib/" "-I" "bzip2/" "-I" "." "-Wall" "-Wextra" "-std=c++11" "-Wno-unused-parameter" "-DSNAPPY=1" "-DLZ4=1" "-DZSTD=1" "-DZLIB=1" "-DBZIP2=1" "-DNDEBUG=1" "-DOS_LINUX=1" "-DROCKSDB_PLATFORM_POSIX=1" "-DROCKSDB_LIB_IO_POSIX=1" "-o" "/opt/rustwide/target/debug/build/librocksdb-sys-2476119bf81e4a6d/out/rocksdb/db/write_controller.o" "-c" "rocksdb/db/write_controller.cc"
[INFO] [stderr]   running: "c++" "-O0" "-ffunction-sections" "-fdata-sections" "-fPIC" "-g" "-fno-omit-frame-pointer" "-m64" "-I" "rocksdb/include/" "-I" "rocksdb/" "-I" "rocksdb/third-party/gtest-1.7.0/fused-src/" "-I" "snappy/" "-I" "lz4/lib/" "-I" "zstd/lib/" "-I" "zstd/lib/dictBuilder/" "-I" "zlib/" "-I" "bzip2/" "-I" "." "-Wall" "-Wextra" "-std=c++11" "-Wno-unused-parameter" "-DSNAPPY=1" "-DLZ4=1" "-DZSTD=1" "-DZLIB=1" "-DBZIP2=1" "-DNDEBUG=1" "-DOS_LINUX=1" "-DROCKSDB_PLATFORM_POSIX=1" "-DROCKSDB_LIB_IO_POSIX=1" "-o" "/opt/rustwide/target/debug/build/librocksdb-sys-2476119bf81e4a6d/out/rocksdb/utilities/blob_db/blob_log_format.o" "-c" "rocksdb/utilities/blob_db/blob_log_format.cc"
[INFO] [stderr]   running: "c++" "-O0" "-ffunction-sections" "-fdata-sections" "-fPIC" "-g" "-fno-omit-frame-pointer" "-m64" "-I" "rocksdb/include/" "-I" "rocksdb/" "-I" "rocksdb/third-party/gtest-1.7.0/fused-src/" "-I" "snappy/" "-I" "lz4/lib/" "-I" "zstd/lib/" "-I" "zstd/lib/dictBuilder/" "-I" "zlib/" "-I" "bzip2/" "-I" "." "-Wall" "-Wextra" "-std=c++11" "-Wno-unused-parameter" "-DSNAPPY=1" "-DLZ4=1" "-DZSTD=1" "-DZLIB=1" "-DBZIP2=1" "-DNDEBUG=1" "-DOS_LINUX=1" "-DROCKSDB_PLATFORM_POSIX=1" "-DROCKSDB_LIB_IO_POSIX=1" "-o" "/opt/rustwide/target/debug/build/librocksdb-sys-2476119bf81e4a6d/out/rocksdb/table/get_context.o" "-c" "rocksdb/table/get_context.cc"
[INFO] [stderr]   running: "c++" "-O0" "-ffunction-sections" "-fdata-sections" "-fPIC" "-g" "-fno-omit-frame-pointer" "-m64" "-I" "rocksdb/include/" "-I" "rocksdb/" "-I" "rocksdb/third-party/gtest-1.7.0/fused-src/" "-I" "snappy/" "-I" "lz4/lib/" "-I" "zstd/lib/" "-I" "zstd/lib/dictBuilder/" "-I" "zlib/" "-I" "bzip2/" "-I" "." "-Wall" "-Wextra" "-std=c++11" "-Wno-unused-parameter" "-DSNAPPY=1" "-DLZ4=1" "-DZSTD=1" "-DZLIB=1" "-DBZIP2=1" "-DNDEBUG=1" "-DOS_LINUX=1" "-DROCKSDB_PLATFORM_POSIX=1" "-DROCKSDB_LIB_IO_POSIX=1" "-o" "/opt/rustwide/target/debug/build/librocksdb-sys-2476119bf81e4a6d/out/rocksdb/table/block_based_table_factory.o" "-c" "rocksdb/table/block_based_table_factory.cc"
[INFO] [stderr]   running: "c++" "-O0" "-ffunction-sections" "-fdata-sections" "-fPIC" "-g" "-fno-omit-frame-pointer" "-m64" "-I" "rocksdb/include/" "-I" "rocksdb/" "-I" "rocksdb/third-party/gtest-1.7.0/fused-src/" "-I" "snappy/" "-I" "lz4/lib/" "-I" "zstd/lib/" "-I" "zstd/lib/dictBuilder/" "-I" "zlib/" "-I" "bzip2/" "-I" "." "-Wall" "-Wextra" "-std=c++11" "-Wno-unused-parameter" "-DSNAPPY=1" "-DLZ4=1" "-DZSTD=1" "-DZLIB=1" "-DBZIP2=1" "-DNDEBUG=1" "-DOS_LINUX=1" "-DROCKSDB_PLATFORM_POSIX=1" "-DROCKSDB_LIB_IO_POSIX=1" "-o" "/opt/rustwide/target/debug/build/librocksdb-sys-2476119bf81e4a6d/out/rocksdb/util/dynamic_bloom.o" "-c" "rocksdb/util/dynamic_bloom.cc"
[INFO] [stderr]   running: "c++" "-O0" "-ffunction-sections" "-fdata-sections" "-fPIC" "-g" "-fno-omit-frame-pointer" "-m64" "-I" "rocksdb/include/" "-I" "rocksdb/" "-I" "rocksdb/third-party/gtest-1.7.0/fused-src/" "-I" "snappy/" "-I" "lz4/lib/" "-I" "zstd/lib/" "-I" "zstd/lib/dictBuilder/" "-I" "zlib/" "-I" "bzip2/" "-I" "." "-Wall" "-Wextra" "-std=c++11" "-Wno-unused-parameter" "-DSNAPPY=1" "-DLZ4=1" "-DZSTD=1" "-DZLIB=1" "-DBZIP2=1" "-DNDEBUG=1" "-DOS_LINUX=1" "-DROCKSDB_PLATFORM_POSIX=1" "-DROCKSDB_LIB_IO_POSIX=1" "-o" "/opt/rustwide/target/debug/build/librocksdb-sys-2476119bf81e4a6d/out/rocksdb/db/experimental.o" "-c" "rocksdb/db/experimental.cc"
[INFO] [stderr]   running: "c++" "-O0" "-ffunction-sections" "-fdata-sections" "-fPIC" "-g" "-fno-omit-frame-pointer" "-m64" "-I" "rocksdb/include/" "-I" "rocksdb/" "-I" "rocksdb/third-party/gtest-1.7.0/fused-src/" "-I" "snappy/" "-I" "lz4/lib/" "-I" "zstd/lib/" "-I" "zstd/lib/dictBuilder/" "-I" "zlib/" "-I" "bzip2/" "-I" "." "-Wall" "-Wextra" "-std=c++11" "-Wno-unused-parameter" "-DSNAPPY=1" "-DLZ4=1" "-DZSTD=1" "-DZLIB=1" "-DBZIP2=1" "-DNDEBUG=1" "-DOS_LINUX=1" "-DROCKSDB_PLATFORM_POSIX=1" "-DROCKSDB_LIB_IO_POSIX=1" "-o" "/opt/rustwide/target/debug/build/librocksdb-sys-2476119bf81e4a6d/out/rocksdb/utilities/persistent_cache/block_cache_tier.o" "-c" "rocksdb/utilities/persistent_cache/block_cache_tier.cc"
[INFO] [stderr]   running: "c++" "-O0" "-ffunction-sections" "-fdata-sections" "-fPIC" "-g" "-fno-omit-frame-pointer" "-m64" "-I" "rocksdb/include/" "-I" "rocksdb/" "-I" "rocksdb/third-party/gtest-1.7.0/fused-src/" "-I" "snappy/" "-I" "lz4/lib/" "-I" "zstd/lib/" "-I" "zstd/lib/dictBuilder/" "-I" "zlib/" "-I" "bzip2/" "-I" "." "-Wall" "-Wextra" "-std=c++11" "-Wno-unused-parameter" "-DSNAPPY=1" "-DLZ4=1" "-DZSTD=1" "-DZLIB=1" "-DBZIP2=1" "-DNDEBUG=1" "-DOS_LINUX=1" "-DROCKSDB_PLATFORM_POSIX=1" "-DROCKSDB_LIB_IO_POSIX=1" "-o" "/opt/rustwide/target/debug/build/librocksdb-sys-2476119bf81e4a6d/out/rocksdb/table/data_block_footer.o" "-c" "rocksdb/table/data_block_footer.cc"
[INFO] [stderr]   running: "c++" "-O0" "-ffunction-sections" "-fdata-sections" "-fPIC" "-g" "-fno-omit-frame-pointer" "-m64" "-I" "rocksdb/include/" "-I" "rocksdb/" "-I" "rocksdb/third-party/gtest-1.7.0/fused-src/" "-I" "snappy/" "-I" "lz4/lib/" "-I" "zstd/lib/" "-I" "zstd/lib/dictBuilder/" "-I" "zlib/" "-I" "bzip2/" "-I" "." "-Wall" "-Wextra" "-std=c++11" "-Wno-unused-parameter" "-DSNAPPY=1" "-DLZ4=1" "-DZSTD=1" "-DZLIB=1" "-DBZIP2=1" "-DNDEBUG=1" "-DOS_LINUX=1" "-DROCKSDB_PLATFORM_POSIX=1" "-DROCKSDB_LIB_IO_POSIX=1" "-o" "/opt/rustwide/target/debug/build/librocksdb-sys-2476119bf81e4a6d/out/rocksdb/table/cuckoo_table_factory.o" "-c" "rocksdb/table/cuckoo_table_factory.cc"
[INFO] [stderr]   running: "c++" "-O0" "-ffunction-sections" "-fdata-sections" "-fPIC" "-g" "-fno-omit-frame-pointer" "-m64" "-I" "rocksdb/include/" "-I" "rocksdb/" "-I" "rocksdb/third-party/gtest-1.7.0/fused-src/" "-I" "snappy/" "-I" "lz4/lib/" "-I" "zstd/lib/" "-I" "zstd/lib/dictBuilder/" "-I" "zlib/" "-I" "bzip2/" "-I" "." "-Wall" "-Wextra" "-std=c++11" "-Wno-unused-parameter" "-DSNAPPY=1" "-DLZ4=1" "-DZSTD=1" "-DZLIB=1" "-DBZIP2=1" "-DNDEBUG=1" "-DOS_LINUX=1" "-DROCKSDB_PLATFORM_POSIX=1" "-DROCKSDB_LIB_IO_POSIX=1" "-o" "/opt/rustwide/target/debug/build/librocksdb-sys-2476119bf81e4a6d/out/rocksdb/table/block_fetcher.o" "-c" "rocksdb/table/block_fetcher.cc"
[INFO] [stderr]   running: "c++" "-O0" "-ffunction-sections" "-fdata-sections" "-fPIC" "-g" "-fno-omit-frame-pointer" "-m64" "-I" "rocksdb/include/" "-I" "rocksdb/" "-I" "rocksdb/third-party/gtest-1.7.0/fused-src/" "-I" "snappy/" "-I" "lz4/lib/" "-I" "zstd/lib/" "-I" "zstd/lib/dictBuilder/" "-I" "zlib/" "-I" "bzip2/" "-I" "." "-Wall" "-Wextra" "-std=c++11" "-Wno-unused-parameter" "-DSNAPPY=1" "-DLZ4=1" "-DZSTD=1" "-DZLIB=1" "-DBZIP2=1" "-DNDEBUG=1" "-DOS_LINUX=1" "-DROCKSDB_PLATFORM_POSIX=1" "-DROCKSDB_LIB_IO_POSIX=1" "-o" "/opt/rustwide/target/debug/build/librocksdb-sys-2476119bf81e4a6d/out/rocksdb/utilities/document/json_document_builder.o" "-c" "rocksdb/utilities/document/json_document_builder.cc"
[INFO] [stderr]   running: "c++" "-O0" "-ffunction-sections" "-fdata-sections" "-fPIC" "-g" "-fno-omit-frame-pointer" "-m64" "-I" "rocksdb/include/" "-I" "rocksdb/" "-I" "rocksdb/third-party/gtest-1.7.0/fused-src/" "-I" "snappy/" "-I" "lz4/lib/" "-I" "zstd/lib/" "-I" "zstd/lib/dictBuilder/" "-I" "zlib/" "-I" "bzip2/" "-I" "." "-Wall" "-Wextra" "-std=c++11" "-Wno-unused-parameter" "-DSNAPPY=1" "-DLZ4=1" "-DZSTD=1" "-DZLIB=1" "-DBZIP2=1" "-DNDEBUG=1" "-DOS_LINUX=1" "-DROCKSDB_PLATFORM_POSIX=1" "-DROCKSDB_LIB_IO_POSIX=1" "-o" "/opt/rustwide/target/debug/build/librocksdb-sys-2476119bf81e4a6d/out/rocksdb/table/bloom_block.o" "-c" "rocksdb/table/bloom_block.cc"
[INFO] [stderr]   running: "c++" "-O0" "-ffunction-sections" "-fdata-sections" "-fPIC" "-g" "-fno-omit-frame-pointer" "-m64" "-I" "rocksdb/include/" "-I" "rocksdb/" "-I" "rocksdb/third-party/gtest-1.7.0/fused-src/" "-I" "snappy/" "-I" "lz4/lib/" "-I" "zstd/lib/" "-I" "zstd/lib/dictBuilder/" "-I" "zlib/" "-I" "bzip2/" "-I" "." "-Wall" "-Wextra" "-std=c++11" "-Wno-unused-parameter" "-DSNAPPY=1" "-DLZ4=1" "-DZSTD=1" "-DZLIB=1" "-DBZIP2=1" "-DNDEBUG=1" "-DOS_LINUX=1" "-DROCKSDB_PLATFORM_POSIX=1" "-DROCKSDB_LIB_IO_POSIX=1" "-o" "/opt/rustwide/target/debug/build/librocksdb-sys-2476119bf81e4a6d/out/rocksdb/cache/clock_cache.o" "-c" "rocksdb/cache/clock_cache.cc"
[INFO] [stderr]   running: "c++" "-O0" "-ffunction-sections" "-fdata-sections" "-fPIC" "-g" "-fno-omit-frame-pointer" "-m64" "-I" "rocksdb/include/" "-I" "rocksdb/" "-I" "rocksdb/third-party/gtest-1.7.0/fused-src/" "-I" "snappy/" "-I" "lz4/lib/" "-I" "zstd/lib/" "-I" "zstd/lib/dictBuilder/" "-I" "zlib/" "-I" "bzip2/" "-I" "." "-Wall" "-Wextra" "-std=c++11" "-Wno-unused-parameter" "-DSNAPPY=1" "-DLZ4=1" "-DZSTD=1" "-DZLIB=1" "-DBZIP2=1" "-DNDEBUG=1" "-DOS_LINUX=1" "-DROCKSDB_PLATFORM_POSIX=1" "-DROCKSDB_LIB_IO_POSIX=1" "-o" "/opt/rustwide/target/debug/build/librocksdb-sys-2476119bf81e4a6d/out/rocksdb/monitoring/thread_status_util_debug.o" "-c" "rocksdb/monitoring/thread_status_util_debug.cc"
[INFO] [stderr]   exit code: 0
[INFO] [stderr]   running: "c++" "-O0" "-ffunction-sections" "-fdata-sections" "-fPIC" "-g" "-fno-omit-frame-pointer" "-m64" "-I" "rocksdb/include/" "-I" "rocksdb/" "-I" "rocksdb/third-party/gtest-1.7.0/fused-src/" "-I" "snappy/" "-I" "lz4/lib/" "-I" "zstd/lib/" "-I" "zstd/lib/dictBuilder/" "-I" "zlib/" "-I" "bzip2/" "-I" "." "-Wall" "-Wextra" "-std=c++11" "-Wno-unused-parameter" "-DSNAPPY=1" "-DLZ4=1" "-DZSTD=1" "-DZLIB=1" "-DBZIP2=1" "-DNDEBUG=1" "-DOS_LINUX=1" "-DROCKSDB_PLATFORM_POSIX=1" "-DROCKSDB_LIB_IO_POSIX=1" "-o" "/opt/rustwide/target/debug/build/librocksdb-sys-2476119bf81e4a6d/out/rocksdb/table/cuckoo_table_builder.o" "-c" "rocksdb/table/cuckoo_table_builder.cc"
[INFO] [stderr]   exit code: 0
[INFO] [stderr]   running: "c++" "-O0" "-ffunction-sections" "-fdata-sections" "-fPIC" "-g" "-fno-omit-frame-pointer" "-m64" "-I" "rocksdb/include/" "-I" "rocksdb/" "-I" "rocksdb/third-party/gtest-1.7.0/fused-src/" "-I" "snappy/" "-I" "lz4/lib/" "-I" "zstd/lib/" "-I" "zstd/lib/dictBuilder/" "-I" "zlib/" "-I" "bzip2/" "-I" "." "-Wall" "-Wextra" "-std=c++11" "-Wno-unused-parameter" "-DSNAPPY=1" "-DLZ4=1" "-DZSTD=1" "-DZLIB=1" "-DBZIP2=1" "-DNDEBUG=1" "-DOS_LINUX=1" "-DROCKSDB_PLATFORM_POSIX=1" "-DROCKSDB_LIB_IO_POSIX=1" "-o" "/opt/rustwide/target/debug/build/librocksdb-sys-2476119bf81e4a6d/out/rocksdb/util/event_logger.o" "-c" "rocksdb/util/event_logger.cc"
[INFO] [stderr]   exit code: 0
[INFO] [stderr]   running: "c++" "-O0" "-ffunction-sections" "-fdata-sections" "-fPIC" "-g" "-fno-omit-frame-pointer" "-m64" "-I" "rocksdb/include/" "-I" "rocksdb/" "-I" "rocksdb/third-party/gtest-1.7.0/fused-src/" "-I" "snappy/" "-I" "lz4/lib/" "-I" "zstd/lib/" "-I" "zstd/lib/dictBuilder/" "-I" "zlib/" "-I" "bzip2/" "-I" "." "-Wall" "-Wextra" "-std=c++11" "-Wno-unused-parameter" "-DSNAPPY=1" "-DLZ4=1" "-DZSTD=1" "-DZLIB=1" "-DBZIP2=1" "-DNDEBUG=1" "-DOS_LINUX=1" "-DROCKSDB_PLATFORM_POSIX=1" "-DROCKSDB_LIB_IO_POSIX=1" "-o" "/opt/rustwide/target/debug/build/librocksdb-sys-2476119bf81e4a6d/out/rocksdb/cache/lru_cache.o" "-c" "rocksdb/cache/lru_cache.cc"
[INFO] [stderr]   exit code: 0
[INFO] [stderr]   running: "c++" "-O0" "-ffunction-sections" "-fdata-sections" "-fPIC" "-g" "-fno-omit-frame-pointer" "-m64" "-I" "rocksdb/include/" "-I" "rocksdb/" "-I" "rocksdb/third-party/gtest-1.7.0/fused-src/" "-I" "snappy/" "-I" "lz4/lib/" "-I" "zstd/lib/" "-I" "zstd/lib/dictBuilder/" "-I" "zlib/" "-I" "bzip2/" "-I" "." "-Wall" "-Wextra" "-std=c++11" "-Wno-unused-parameter" "-DSNAPPY=1" "-DLZ4=1" "-DZSTD=1" "-DZLIB=1" "-DBZIP2=1" "-DNDEBUG=1" "-DOS_LINUX=1" "-DROCKSDB_PLATFORM_POSIX=1" "-DROCKSDB_LIB_IO_POSIX=1" "-o" "/opt/rustwide/target/debug/build/librocksdb-sys-2476119bf81e4a6d/out/rocksdb/options/cf_options.o" "-c" "rocksdb/options/cf_options.cc"
[INFO] [stderr]   exit code: 0
[INFO] [stderr]   running: "c++" "-O0" "-ffunction-sections" "-fdata-sections" "-fPIC" "-g" "-fno-omit-frame-pointer" "-m64" "-I" "rocksdb/include/" "-I" "rocksdb/" "-I" "rocksdb/third-party/gtest-1.7.0/fused-src/" "-I" "snappy/" "-I" "lz4/lib/" "-I" "zstd/lib/" "-I" "zstd/lib/dictBuilder/" "-I" "zlib/" "-I" "bzip2/" "-I" "." "-Wall" "-Wextra" "-std=c++11" "-Wno-unused-parameter" "-DSNAPPY=1" "-DLZ4=1" "-DZSTD=1" "-DZLIB=1" "-DBZIP2=1" "-DNDEBUG=1" "-DOS_LINUX=1" "-DROCKSDB_PLATFORM_POSIX=1" "-DROCKSDB_LIB_IO_POSIX=1" "-o" "/opt/rustwide/target/debug/build/librocksdb-sys-2476119bf81e4a6d/out/rocksdb/utilities/env_mirror.o" "-c" "rocksdb/utilities/env_mirror.cc"
[INFO] [stderr]   exit code: 0
[INFO] [stderr]   running: "c++" "-O0" "-ffunction-sections" "-fdata-sections" "-fPIC" "-g" "-fno-omit-frame-pointer" "-m64" "-I" "rocksdb/include/" "-I" "rocksdb/" "-I" "rocksdb/third-party/gtest-1.7.0/fused-src/" "-I" "snappy/" "-I" "lz4/lib/" "-I" "zstd/lib/" "-I" "zstd/lib/dictBuilder/" "-I" "zlib/" "-I" "bzip2/" "-I" "." "-Wall" "-Wextra" "-std=c++11" "-Wno-unused-parameter" "-DSNAPPY=1" "-DLZ4=1" "-DZSTD=1" "-DZLIB=1" "-DBZIP2=1" "-DNDEBUG=1" "-DOS_LINUX=1" "-DROCKSDB_PLATFORM_POSIX=1" "-DROCKSDB_LIB_IO_POSIX=1" "-o" "/opt/rustwide/target/debug/build/librocksdb-sys-2476119bf81e4a6d/out/rocksdb/db/write_thread.o" "-c" "rocksdb/db/write_thread.cc"
[INFO] [stderr]   exit code: 0
[INFO] [stderr]   running: "c++" "-O0" "-ffunction-sections" "-fdata-sections" "-fPIC" "-g" "-fno-omit-frame-pointer" "-m64" "-I" "rocksdb/include/" "-I" "rocksdb/" "-I" "rocksdb/third-party/gtest-1.7.0/fused-src/" "-I" "snappy/" "-I" "lz4/lib/" "-I" "zstd/lib/" "-I" "zstd/lib/dictBuilder/" "-I" "zlib/" "-I" "bzip2/" "-I" "." "-Wall" "-Wextra" "-std=c++11" "-Wno-unused-parameter" "-DSNAPPY=1" "-DLZ4=1" "-DZSTD=1" "-DZLIB=1" "-DBZIP2=1" "-DNDEBUG=1" "-DOS_LINUX=1" "-DROCKSDB_PLATFORM_POSIX=1" "-DROCKSDB_LIB_IO_POSIX=1" "-o" "/opt/rustwide/target/debug/build/librocksdb-sys-2476119bf81e4a6d/out/rocksdb/utilities/env_timed.o" "-c" "rocksdb/utilities/env_timed.cc"
[INFO] [stderr]   exit code: 0
[INFO] [stderr]   running: "c++" "-O0" "-ffunction-sections" "-fdata-sections" "-fPIC" "-g" "-fno-omit-frame-pointer" "-m64" "-I" "rocksdb/include/" "-I" "rocksdb/" "-I" "rocksdb/third-party/gtest-1.7.0/fused-src/" "-I" "snappy/" "-I" "lz4/lib/" "-I" "zstd/lib/" "-I" "zstd/lib/dictBuilder/" "-I" "zlib/" "-I" "bzip2/" "-I" "." "-Wall" "-Wextra" "-std=c++11" "-Wno-unused-parameter" "-DSNAPPY=1" "-DLZ4=1" "-DZSTD=1" "-DZLIB=1" "-DBZIP2=1" "-DNDEBUG=1" "-DOS_LINUX=1" "-DROCKSDB_PLATFORM_POSIX=1" "-DROCKSDB_LIB_IO_POSIX=1" "-o" "/opt/rustwide/target/debug/build/librocksdb-sys-2476119bf81e4a6d/out/rocksdb/table/flush_block_policy.o" "-c" "rocksdb/table/flush_block_policy.cc"
[INFO] [stderr]   cargo:warning=c++: fatal error: Killed signal terminated program cc1plus
[INFO] [stderr]   cargo:warning=compilation terminated.
[INFO] [stderr]   cargo:warning=c++: fatal error: Killed signal terminated program cc1plus
[INFO] [stderr]   cargo:warning=compilation terminated.
[INFO] [stderr]   exit code: 1
[INFO] [stderr]   exit code: 1
[INFO] [stderr]   cargo:warning=In file included from rocksdb/db/range_del_aggregator.h:17,
[INFO] [stderr]   cargo:warning=                 from rocksdb/db/memtable.h:19,
[INFO] [stderr]   cargo:warning=                 from rocksdb/db/memtable_list.h:17,
[INFO] [stderr]   cargo:warning=                 from rocksdb/db/column_family.h:17,
[INFO] [stderr]   cargo:warning=                 from rocksdb/db/db_impl.h:22,
[INFO] [stderr]   cargo:warning=                 from rocksdb/db/experimental.cc:8:
[INFO] [stderr]   cargo:warning=rocksdb/db/version_edit.h: In constructor 'rocksdb::FdWithKeyRange::FdWithKeyRange(rocksdb::FileDescriptor, rocksdb::Slice, rocksdb::Slice, rocksdb::FileMetaData*)':
[INFO] [stderr]   cargo:warning=rocksdb/db/version_edit.h:178:33: warning: implicitly-declared 'constexpr rocksdb::FileDescriptor::FileDescriptor(const rocksdb::FileDescriptor&)' is deprecated [-Wdeprecated-copy]
[INFO] [stderr]   cargo:warning=  178 |         largest_key(_largest_key) {}
[INFO] [stderr]   cargo:warning=      |                                 ^
[INFO] [stderr]   cargo:warning=rocksdb/db/version_edit.h:55:19: note: because 'rocksdb::FileDescriptor' has user-provided 'rocksdb::FileDescriptor& rocksdb::FileDescriptor::operator=(const rocksdb::FileDescriptor&)'
[INFO] [stderr]   cargo:warning=   55 |   FileDescriptor& operator=(const FileDescriptor& fd) {
[INFO] [stderr]   cargo:warning=      |                   ^~~~~~~~
[INFO] [stderr]   exit code: 0
[INFO] [stderr]   cargo:warning=In file included from rocksdb/db/range_del_aggregator.h:17,
[INFO] [stderr]   cargo:warning=                 from rocksdb/table/get_context.h:9,
[INFO] [stderr]   cargo:warning=                 from rocksdb/table/get_context.cc:6:
[INFO] [stderr]   cargo:warning=rocksdb/db/version_edit.h: In constructor 'rocksdb::FdWithKeyRange::FdWithKeyRange(rocksdb::FileDescriptor, rocksdb::Slice, rocksdb::Slice, rocksdb::FileMetaData*)':
[INFO] [stderr]   cargo:warning=rocksdb/db/version_edit.h:178:33: warning: implicitly-declared 'constexpr rocksdb::FileDescriptor::FileDescriptor(const rocksdb::FileDescriptor&)' is deprecated [-Wdeprecated-copy]
[INFO] [stderr]   cargo:warning=  178 |         largest_key(_largest_key) {}
[INFO] [stderr]   cargo:warning=      |                                 ^
[INFO] [stderr]   cargo:warning=rocksdb/db/version_edit.h:55:19: note: because 'rocksdb::FileDescriptor' has user-provided 'rocksdb::FileDescriptor& rocksdb::FileDescriptor::operator=(const rocksdb::FileDescriptor&)'
[INFO] [stderr]   cargo:warning=   55 |   FileDescriptor& operator=(const FileDescriptor& fd) {
[INFO] [stderr]   cargo:warning=      |                   ^~~~~~~~
[INFO] [stderr]   exit code: 0
[INFO] [stderr]   cargo:warning=c++: fatal error: Killed signal terminated program cc1plus
[INFO] [stderr]   cargo:warning=compilation terminated.
[INFO] [stderr]   exit code: 1
[INFO] [stderr]   cargo:warning=c++: fatal error: Killed signal terminated program cc1plus
[INFO] [stderr]   cargo:warning=compilation terminated.
[INFO] [stderr]   exit code: 1
[INFO] [stderr]   cargo:warning=In file included from rocksdb/utilities/persistent_cache/block_cache_tier_file.h:20,
[INFO] [stderr]   cargo:warning=                 from rocksdb/utilities/persistent_cache/block_cache_tier.h:26,
[INFO] [stderr]   cargo:warning=                 from rocksdb/utilities/persistent_cache/block_cache_tier.cc:7:
[INFO] [stderr]   cargo:warning=rocksdb/utilities/persistent_cache/persistent_cache_util.h: In instantiation of 'T rocksdb::BoundedQueue<T>::Pop() [with T = rocksdb::BlockCacheTier::InsertOp]':
[INFO] [stderr]   cargo:warning=rocksdb/utilities/persistent_cache/block_cache_tier.cc:192:33:   required from here
[INFO] [stderr]   cargo:warning=rocksdb/utilities/persistent_cache/persistent_cache_util.h:51:23: warning: moving a local object in a return statement prevents copy elision [-Wpessimizing-move]
[INFO] [stderr]   cargo:warning=   51 |     return std::move(t);
[INFO] [stderr]   cargo:warning=      |                       ^
[INFO] [stderr]   cargo:warning=rocksdb/utilities/persistent_cache/persistent_cache_util.h:51:23: note: remove 'std::move' call
[INFO] [stderr]   exit code: 0
[INFO] [stderr]   cargo:warning=In file included from rocksdb/db/range_del_aggregator.h:17,
[INFO] [stderr]   cargo:warning=                 from rocksdb/db/memtable.h:19,
[INFO] [stderr]   cargo:warning=                 from rocksdb/db/memtable_list.h:17,
[INFO] [stderr]   cargo:warning=                 from rocksdb/db/column_family.h:17,
[INFO] [stderr]   cargo:warning=                 from rocksdb/db/write_thread.cc:9:
[INFO] [stderr]   cargo:warning=rocksdb/db/version_edit.h: In constructor 'rocksdb::FdWithKeyRange::FdWithKeyRange(rocksdb::FileDescriptor, rocksdb::Slice, rocksdb::Slice, rocksdb::FileMetaData*)':
[INFO] [stderr]   cargo:warning=rocksdb/db/version_edit.h:178:33: warning: implicitly-declared 'constexpr rocksdb::FileDescriptor::FileDescriptor(const rocksdb::FileDescriptor&)' is deprecated [-Wdeprecated-copy]
[INFO] [stderr]   cargo:warning=  178 |         largest_key(_largest_key) {}
[INFO] [stderr]   cargo:warning=      |                                 ^
[INFO] [stderr]   cargo:warning=rocksdb/db/version_edit.h:55:19: note: because 'rocksdb::FileDescriptor' has user-provided 'rocksdb::FileDescriptor& rocksdb::FileDescriptor::operator=(const rocksdb::FileDescriptor&)'
[INFO] [stderr]   cargo:warning=   55 |   FileDescriptor& operator=(const FileDescriptor& fd) {
[INFO] [stderr]   cargo:warning=      |                   ^~~~~~~~
[INFO] [stderr]   cargo:warning=rocksdb/db/version_edit.h: In instantiation of 'constexpr std::pair<_T1, _T2>::pair(_U1&&, _U2&&) [with _U1 = int&; _U2 = rocksdb::FileMetaData; typename std::enable_if<(std::_PCC<true, _T1, _T2>::_MoveConstructiblePair<_U1, _U2>() && std::_PCC<true, _T1, _T2>::_ImplicitlyMoveConvertiblePair<_U1, _U2>()), bool>::type <anonymous> = true; _T1 = int; _T2 = rocksdb::FileMetaData]':
[INFO] [stderr]   cargo:warning=/usr/include/c++/9/ext/new_allocator.h:147:4:   required from 'void __gnu_cxx::new_allocator<_Tp>::construct(_Up*, _Args&& ...) [with _Up = std::pair<int, rocksdb::FileMetaData>; _Args = {int&, rocksdb::FileMetaData}; _Tp = std::pair<int, rocksdb::FileMetaData>]'
[INFO] [stderr]   cargo:warning=/usr/include/c++/9/bits/alloc_traits.h:484:4:   required from 'static void std::allocator_traits<std::allocator<_CharT> >::construct(std::allocator_traits<std::allocator<_CharT> >::allocator_type&, _Up*, _Args&& ...) [with _Up = std::pair<int, rocksdb::FileMetaData>; _Args = {int&, rocksdb::FileMetaData}; _Tp = std::pair<int, rocksdb::FileMetaData>; std::allocator_traits<std::allocator<_CharT> >::allocator_type = std::allocator<std::pair<int, rocksdb::FileMetaData> >]'
[INFO] [stderr]   cargo:warning=/usr/include/c++/9/bits/vector.tcc:115:30:   required from 'void std::vector<_Tp, _Alloc>::emplace_back(_Args&& ...) [with _Args = {int&, rocksdb::FileMetaData}; _Tp = std::pair<int, rocksdb::FileMetaData>; _Alloc = std::allocator<std::pair<int, rocksdb::FileMetaData> >]'
[INFO] [stderr]   cargo:warning=rocksdb/db/version_edit.h:249:48:   required from here
[INFO] [stderr]   cargo:warning=rocksdb/db/version_edit.h:86:8: warning: implicitly-declared 'constexpr rocksdb::FileDescriptor::FileDescriptor(const rocksdb::FileDescriptor&)' is deprecated [-Wdeprecated-copy]
[INFO] [stderr]   cargo:warning=   86 | struct FileMetaData {
[INFO] [stderr]   cargo:warning=      |        ^~~~~~~~~~~~
[INFO] [stderr]   cargo:warning=rocksdb/db/version_edit.h:55:19: note: because 'rocksdb::FileDescriptor' has user-provided 'rocksdb::FileDescriptor& rocksdb::FileDescriptor::operator=(const rocksdb::FileDescriptor&)'
[INFO] [stderr]   cargo:warning=   55 |   FileDescriptor& operator=(const FileDescriptor& fd) {
[INFO] [stderr]   cargo:warning=      |                   ^~~~~~~~
[INFO] [stderr]   cargo:warning=In file included from /usr/include/c++/9/bits/stl_algobase.h:64,
[INFO] [stderr]   cargo:warning=                 from /usr/include/c++/9/bits/char_traits.h:39,
[INFO] [stderr]   cargo:warning=                 from /usr/include/c++/9/string:40,
[INFO] [stderr]   cargo:warning=                 from rocksdb/table/get_context.h:7,
[INFO] [stderr]   cargo:warning=                 from rocksdb/table/get_context.cc:6:
[INFO] [stderr]   cargo:warning=/usr/include/c++/9/bits/stl_pair.h:342:64: note: synthesized method 'rocksdb::FileMetaData::FileMetaData(rocksdb::FileMetaData&&)' first required here
[INFO] [stderr]   cargo:warning=  342 |  : first(std::forward<_U1>(__x)), second(std::forward<_U2>(__y)) { }
[INFO] [stderr]   cargo:warning=      |                                                                ^
[INFO] [stderr]   cargo:warning=In file included from rocksdb/db/range_del_aggregator.h:17,
[INFO] [stderr]   cargo:warning=                 from rocksdb/table/get_context.h:9,
[INFO] [stderr]   cargo:warning=                 from rocksdb/table/get_context.cc:6:
[INFO] [stderr]   cargo:warning=rocksdb/db/version_edit.h: In instantiation of 'constexpr std::pair<_T1, _T2>::pair(_U1&&, const _T2&) [with _U1 = int&; typename std::enable_if<std::_PCC<true, _T1, _T2>::_MoveCopyPair<true, _U1, _T2>(), bool>::type <anonymous> = true; _T1 = int; _T2 = rocksdb::FileMetaData]':
[INFO] [stderr]   cargo:warning=/usr/include/c++/9/ext/new_allocator.h:147:4:   required from 'void __gnu_cxx::new_allocator<_Tp>::construct(_Up*, _Args&& ...) [with _Up = std::pair<int, rocksdb::FileMetaData>; _Args = {int&, const rocksdb::FileMetaData&}; _Tp = std::pair<int, rocksdb::FileMetaData>]'
[INFO] [stderr]   cargo:warning=/usr/include/c++/9/bits/alloc_traits.h:484:4:   required from 'static void std::allocator_traits<std::allocator<_CharT> >::construct(std::allocator_traits<std::allocator<_CharT> >::allocator_type&, _Up*, _Args&& ...) [with _Up = std::pair<int, rocksdb::FileMetaData>; _Args = {int&, const rocksdb::FileMetaData&}; _Tp = std::pair<int, rocksdb::FileMetaData>; std::allocator_traits<std::allocator<_CharT> >::allocator_type = std::allocator<std::pair<int, rocksdb::FileMetaData> >]'
[INFO] [stderr]   cargo:warning=/usr/include/c++/9/bits/vector.tcc:115:30:   required from 'void std::vector<_Tp, _Alloc>::emplace_back(_Args&& ...) [with _Args = {int&, const rocksdb::FileMetaData&}; _Tp = std::pair<int, rocksdb::FileMetaData>; _Alloc = std::allocator<std::pair<int, rocksdb::FileMetaData> >]'
[INFO] [stderr]   cargo:warning=rocksdb/db/version_edit.h:254:37:   required from here
[INFO] [stderr]   cargo:warning=rocksdb/db/version_edit.h:86:8: warning: implicitly-declared 'constexpr rocksdb::FileDescriptor::FileDescriptor(const rocksdb::FileDescriptor&)' is deprecated [-Wdeprecated-copy]
[INFO] [stderr]   cargo:warning=   86 | struct FileMetaData {
[INFO] [stderr]   cargo:warning=      |        ^~~~~~~~~~~~
[INFO] [stderr]   cargo:warning=rocksdb/db/version_edit.h:55:19: note: because 'rocksdb::FileDescriptor' has user-provided 'rocksdb::FileDescriptor& rocksdb::FileDescriptor::operator=(const rocksdb::FileDescriptor&)'
[INFO] [stderr]   cargo:warning=   55 |   FileDescriptor& operator=(const FileDescriptor& fd) {
[INFO] [stderr]   cargo:warning=      |                   ^~~~~~~~
[INFO] [stderr]   cargo:warning=In file included from /usr/include/c++/9/bits/stl_algobase.h:64,
[INFO] [stderr]   cargo:warning=                 from /usr/include/c++/9/bits/char_traits.h:39,
[INFO] [stderr]   cargo:warning=                 from /usr/include/c++/9/string:40,
[INFO] [stderr]   cargo:warning=                 from rocksdb/table/get_context.h:7,
[INFO] [stderr]   cargo:warning=                 from rocksdb/table/get_context.cc:6:
[INFO] [stderr]   cargo:warning=/usr/include/c++/9/bits/stl_pair.h:312:51: note: synthesized method 'rocksdb::FileMetaData::FileMetaData(const rocksdb::FileMetaData&)' first required here
[INFO] [stderr]   cargo:warning=  312 |        : first(std::forward<_U1>(__x)), second(__y) { }
[INFO] [stderr]   cargo:warning=      |                                                   ^
[INFO] [stderr]   exit code: 0
[INFO] [stderr]   cargo:warning=rocksdb/db/version_edit.h: In instantiation of 'constexpr std::pair<_T1, _T2>::pair(_U1&&, _U2&&) [with _U1 = int&; _U2 = rocksdb::FileMetaData; typename std::enable_if<(std::_PCC<true, _T1, _T2>::_MoveConstructiblePair<_U1, _U2>() && std::_PCC<true, _T1, _T2>::_ImplicitlyMoveConvertiblePair<_U1, _U2>()), bool>::type <anonymous> = true; _T1 = int; _T2 = rocksdb::FileMetaData]':
[INFO] [stderr]   cargo:warning=/usr/include/c++/9/ext/new_allocator.h:147:4:   required from 'void __gnu_cxx::new_allocator<_Tp>::construct(_Up*, _Args&& ...) [with _Up = std::pair<int, rocksdb::FileMetaData>; _Args = {int&, rocksdb::FileMetaData}; _Tp = std::pair<int, rocksdb::FileMetaData>]'
[INFO] [stderr]   cargo:warning=/usr/include/c++/9/bits/alloc_traits.h:484:4:   required from 'static void std::allocator_traits<std::allocator<_CharT> >::construct(std::allocator_traits<std::allocator<_CharT> >::allocator_type&, _Up*, _Args&& ...) [with _Up = std::pair<int, rocksdb::FileMetaData>; _Args = {int&, rocksdb::FileMetaData}; _Tp = std::pair<int, rocksdb::FileMetaData>; std::allocator_traits<std::allocator<_CharT> >::allocator_type = std::allocator<std::pair<int, rocksdb::FileMetaData> >]'
[INFO] [stderr]   cargo:warning=/usr/include/c++/9/bits/vector.tcc:115:30:   required from 'void std::vector<_Tp, _Alloc>::emplace_back(_Args&& ...) [with _Args = {int&, rocksdb::FileMetaData}; _Tp = std::pair<int, rocksdb::FileMetaData>; _Alloc = std::allocator<std::pair<int, rocksdb::FileMetaData> >]'
[INFO] [stderr]   cargo:warning=rocksdb/db/version_edit.h:249:48:   required from here
[INFO] [stderr]   cargo:warning=rocksdb/db/version_edit.h:86:8: warning: implicitly-declared 'constexpr rocksdb::FileDescriptor::FileDescriptor(const rocksdb::FileDescriptor&)' is deprecated [-Wdeprecated-copy]
[INFO] [stderr]   cargo:warning=   86 | struct FileMetaData {
[INFO] [stderr]   cargo:warning=      |        ^~~~~~~~~~~~
[INFO] [stderr]   cargo:warning=rocksdb/db/version_edit.h:55:19: note: because 'rocksdb::FileDescriptor' has user-provided 'rocksdb::FileDescriptor& rocksdb::FileDescriptor::operator=(const rocksdb::FileDescriptor&)'
[INFO] [stderr]   cargo:warning=   55 |   FileDescriptor& operator=(const FileDescriptor& fd) {
[INFO] [stderr]   cargo:warning=      |                   ^~~~~~~~
[INFO] [stderr]   cargo:warning=In file included from /usr/include/c++/9/bits/stl_algobase.h:64,
[INFO] [stderr]   cargo:warning=                 from /usr/include/c++/9/bits/char_traits.h:39,
[INFO] [stderr]   cargo:warning=                 from /usr/include/c++/9/string:40,
[INFO] [stderr]   cargo:warning=                 from /usr/include/c++/9/stdexcept:39,
[INFO] [stderr]   cargo:warning=                 from /usr/include/c++/9/system_error:41,
[INFO] [stderr]   cargo:warning=                 from /usr/include/c++/9/bits/std_mutex.h:39,
[INFO] [stderr]   cargo:warning=                 from /usr/include/c++/9/condition_variable:39,
[INFO] [stderr]   cargo:warning=                 from rocksdb/db/write_thread.h:12,
[INFO] [stderr]   cargo:warning=                 from rocksdb/db/write_thread.cc:6:
[INFO] [stderr]   cargo:warning=/usr/include/c++/9/bits/stl_pair.h:342:64: note: synthesized method 'rocksdb::FileMetaData::FileMetaData(rocksdb::FileMetaData&&)' first required here
[INFO] [stderr]   cargo:warning=  342 |  : first(std::forward<_U1>(__x)), second(std::forward<_U2>(__y)) { }
[INFO] [stderr]   cargo:warning=      |                                                                ^
[INFO] [stderr]   cargo:warning=In file included from rocksdb/db/range_del_aggregator.h:17,
[INFO] [stderr]   cargo:warning=                 from rocksdb/db/memtable.h:19,
[INFO] [stderr]   cargo:warning=                 from rocksdb/db/memtable_list.h:17,
[INFO] [stderr]   cargo:warning=                 from rocksdb/db/column_family.h:17,
[INFO] [stderr]   cargo:warning=                 from rocksdb/db/write_thread.cc:9:
[INFO] [stderr]   cargo:warning=rocksdb/db/version_edit.h: In instantiation of 'constexpr std::pair<_T1, _T2>::pair(_U1&&, const _T2&) [with _U1 = int&; typename std::enable_if<std::_PCC<true, _T1, _T2>::_MoveCopyPair<true, _U1, _T2>(), bool>::type <anonymous> = true; _T1 = int; _T2 = rocksdb::FileMetaData]':
[INFO] [stderr]   cargo:warning=/usr/include/c++/9/ext/new_allocator.h:147:4:   required from 'void __gnu_cxx::new_allocator<_Tp>::construct(_Up*, _Args&& ...) [with _Up = std::pair<int, rocksdb::FileMetaData>; _Args = {int&, const rocksdb::FileMetaData&}; _Tp = std::pair<int, rocksdb::FileMetaData>]'
[INFO] [stderr]   cargo:warning=/usr/include/c++/9/bits/alloc_traits.h:484:4:   required from 'static void std::allocator_traits<std::allocator<_CharT> >::construct(std::allocator_traits<std::allocator<_CharT> >::allocator_type&, _Up*, _Args&& ...) [with _Up = std::pair<int, rocksdb::FileMetaData>; _Args = {int&, const rocksdb::FileMetaData&}; _Tp = std::pair<int, rocksdb::FileMetaData>; std::allocator_traits<std::allocator<_CharT> >::allocator_type = std::allocator<std::pair<int, rocksdb::FileMetaData> >]'
[INFO] [stderr]   cargo:warning=/usr/include/c++/9/bits/vector.tcc:115:30:   required from 'void std::vector<_Tp, _Alloc>::emplace_back(_Args&& ...) [with _Args = {int&, const rocksdb::FileMetaData&}; _Tp = std::pair<int, rocksdb::FileMetaData>; _Alloc = std::allocator<std::pair<int, rocksdb::FileMetaData> >]'
[INFO] [stderr]   cargo:warning=rocksdb/db/version_edit.h:254:37:   required from here
[INFO] [stderr]   cargo:warning=rocksdb/db/version_edit.h:86:8: warning: implicitly-declared 'constexpr rocksdb::FileDescriptor::FileDescriptor(const rocksdb::FileDescriptor&)' is deprecated [-Wdeprecated-copy]
[INFO] [stderr]   cargo:warning=   86 | struct FileMetaData {
[INFO] [stderr]   cargo:warning=      |        ^~~~~~~~~~~~
[INFO] [stderr]   cargo:warning=rocksdb/db/version_edit.h:55:19: note: because 'rocksdb::FileDescriptor' has user-provided 'rocksdb::FileDescriptor& rocksdb::FileDescriptor::operator=(const rocksdb::FileDescriptor&)'
[INFO] [stderr]   cargo:warning=   55 |   FileDescriptor& operator=(const FileDescriptor& fd) {
[INFO] [stderr]   cargo:warning=      |                   ^~~~~~~~
[INFO] [stderr]   cargo:warning=In file included from /usr/include/c++/9/bits/stl_algobase.h:64,
[INFO] [stderr]   cargo:warning=                 from /usr/include/c++/9/bits/char_traits.h:39,
[INFO] [stderr]   cargo:warning=                 from /usr/include/c++/9/string:40,
[INFO] [stderr]   cargo:warning=                 from /usr/include/c++/9/stdexcept:39,
[INFO] [stderr]   cargo:warning=                 from /usr/include/c++/9/system_error:41,
[INFO] [stderr]   cargo:warning=                 from /usr/include/c++/9/bits/std_mutex.h:39,
[INFO] [stderr]   cargo:warning=                 from /usr/include/c++/9/condition_variable:39,
[INFO] [stderr]   cargo:warning=                 from rocksdb/db/write_thread.h:12,
[INFO] [stderr]   cargo:warning=                 from rocksdb/db/write_thread.cc:6:
[INFO] [stderr]   cargo:warning=/usr/include/c++/9/bits/stl_pair.h:312:51: note: synthesized method 'rocksdb::FileMetaData::FileMetaData(const rocksdb::FileMetaData&)' first required here
[INFO] [stderr]   cargo:warning=  312 |        : first(std::forward<_U1>(__x)), second(__y) { }
[INFO] [stderr]   cargo:warning=      |                                                   ^
[INFO] [stderr]   exit code: 0
[INFO] [stderr]   exit code: 0
[INFO] [stderr]   exit code: 0
[INFO] [stderr]   exit code: 0
[INFO] [stderr]   exit code: 0
[INFO] [stderr]   exit code: 0
[INFO] [stderr] 
[INFO] [stderr]   --- stderr
[INFO] [stderr]   error: 'rustfmt' is not installed for the toolchain 'cfbc6d4cf1acbac5c025acf8ed68929caa551df3'
[INFO] [stderr]   To install, run `rustup component add rustfmt --toolchain cfbc6d4cf1acbac5c025acf8ed68929caa551df3`
[INFO] [stderr]   Failed to run rustfmt: Internal rustfmt error (non-fatal, continuing)
[INFO] [stderr]   thread 'main' panicked at '
[INFO] [stderr] 
[INFO] [stderr]   Internal error occurred: Command "c++" "-O0" "-ffunction-sections" "-fdata-sections" "-fPIC" "-g" "-fno-omit-frame-pointer" "-m64" "-I" "rocksdb/include/" "-I" "rocksdb/" "-I" "rocksdb/third-party/gtest-1.7.0/fused-src/" "-I" "snappy/" "-I" "lz4/lib/" "-I" "zstd/lib/" "-I" "zstd/lib/dictBuilder/" "-I" "zlib/" "-I" "bzip2/" "-I" "." "-Wall" "-Wextra" "-std=c++11" "-Wno-unused-parameter" "-DSNAPPY=1" "-DLZ4=1" "-DZSTD=1" "-DZLIB=1" "-DBZIP2=1" "-DNDEBUG=1" "-DOS_LINUX=1" "-DROCKSDB_PLATFORM_POSIX=1" "-DROCKSDB_LIB_IO_POSIX=1" "-o" "/opt/rustwide/target/debug/build/librocksdb-sys-2476119bf81e4a6d/out/rocksdb/table/block_fetcher.o" "-c" "rocksdb/table/block_fetcher.cc" with args "c++" did not execute successfully (status code exit code: 1).
[INFO] [stderr] 
[INFO] [stderr]   ', /opt/rustwide/cargo-home/registry/src/github.com-1ecc6299db9ec823/cc-1.0.31/src/lib.rs:2367:5
[INFO] [stderr]   stack backtrace:
[INFO] [stderr]      0:     0x5607aa1a1755 - backtrace::backtrace::libunwind::trace::h5e2646fa3eddf2ea
[INFO] [stderr]                                  at /cargo/registry/src/github.com-1ecc6299db9ec823/backtrace-0.3.46/src/backtrace/libunwind.rs:86
[INFO] [stderr]      1:     0x5607aa1a1755 - backtrace::backtrace::trace_unsynchronized::hb95dd7f77ce47877
[INFO] [stderr]                                  at /cargo/registry/src/github.com-1ecc6299db9ec823/backtrace-0.3.46/src/backtrace/mod.rs:66
[INFO] [stderr]      2:     0x5607aa1a1755 - std::sys_common::backtrace::_print_fmt::h5e71b67af43fd70d
[INFO] [stderr]                                  at src/libstd/sys_common/backtrace.rs:78
[INFO] [stderr]      3:     0x5607aa1a1755 - <std::sys_common::backtrace::_print::DisplayBacktrace as core::fmt::Display>::fmt::hdb4a83d2b61107e5
[INFO] [stderr]                                  at src/libstd/sys_common/backtrace.rs:59
[INFO] [stderr]      4:     0x5607aa1cd1dc - core::fmt::write::ha20e7262fa3e8a7a
[INFO] [stderr]                                  at src/libcore/fmt/mod.rs:1076
[INFO] [stderr]      5:     0x5607aa19d2f2 - std::io::Write::write_fmt::h1aebfe8a5a79e36d
[INFO] [stderr]                                  at src/libstd/io/mod.rs:1537
[INFO] [stderr]      6:     0x5607aa1a4180 - std::sys_common::backtrace::_print::h9c07314cc66ba539
[INFO] [stderr]                                  at src/libstd/sys_common/backtrace.rs:62
[INFO] [stderr]      7:     0x5607aa1a4180 - std::sys_common::backtrace::print::hd1fd65f49a2d8544
[INFO] [stderr]                                  at src/libstd/sys_common/backtrace.rs:49
[INFO] [stderr]      8:     0x5607aa1a4180 - std::panicking::default_hook::{{closure}}::h222da46485ab36fc
[INFO] [stderr]                                  at src/libstd/panicking.rs:198
[INFO] [stderr]      9:     0x5607aa1a3ecc - std::panicking::default_hook::hc5868949d129ed00
[INFO] [stderr]                                  at src/libstd/panicking.rs:217
[INFO] [stderr]     10:     0x5607aa1a47e8 - std::panicking::rust_panic_with_hook::h26a6ab8b0993c0c8
[INFO] [stderr]                                  at src/libstd/panicking.rs:530
[INFO] [stderr]     11:     0x5607aa1a43bb - rust_begin_unwind
[INFO] [stderr]                                  at src/libstd/panicking.rs:437
[INFO] [stderr]     12:     0x5607aa1a432b - std::panicking::begin_panic_fmt::h2ff295231415d4a6
[INFO] [stderr]                                  at src/libstd/panicking.rs:391
[INFO] [stderr]     13:     0x5607a9bba1f7 - cc::fail::h743bd049c07218ce
[INFO] [stderr]                                  at /opt/rustwide/cargo-home/registry/src/github.com-1ecc6299db9ec823/cc-1.0.31/src/lib.rs:2367
[INFO] [stderr]     14:     0x5607a9ba6f1e - cc::Build::compile::h1d8bcd9d2e1575c3
[INFO] [stderr]                                  at /opt/rustwide/cargo-home/registry/src/github.com-1ecc6299db9ec823/cc-1.0.31/src/lib.rs:951
[INFO] [stderr]     15:     0x5607a9b9acad - build_script_build::build_rocksdb::hc78e1eaae3cb53f3
[INFO] [stderr]                                  at /opt/rustwide/cargo-home/registry/src/github.com-1ecc6299db9ec823/librocksdb-sys-5.17.2/build.rs:151
[INFO] [stderr]     16:     0x5607a9b9c3ec - build_script_build::main::hd984d96ffa5bb05c
[INFO] [stderr]                                  at /opt/rustwide/cargo-home/registry/src/github.com-1ecc6299db9ec823/librocksdb-sys-5.17.2/build.rs:293
[INFO] [stderr]     17:     0x5607a9b9e79b - std::rt::lang_start::{{closure}}::h7ccf10822324ba07
[INFO] [stderr]                                  at /rustc/cfbc6d4cf1acbac5c025acf8ed68929caa551df3/src/libstd/rt.rs:67
[INFO] [stderr]     18:     0x5607aa1a4c63 - std::rt::lang_start_internal::{{closure}}::h84a998219831fa70
[INFO] [stderr]                                  at src/libstd/rt.rs:52
[INFO] [stderr]     19:     0x5607aa1a4c63 - std::panicking::try::do_call::he8e1d689a3e26def
[INFO] [stderr]                                  at src/libstd/panicking.rs:348
[INFO] [stderr]     20:     0x5607aa1a4c63 - std::panicking::try::h264b6eebc2fa7bbf
[INFO] [stderr]                                  at src/libstd/panicking.rs:325
[INFO] [stderr]     21:     0x5607aa1a4c63 - std::panic::catch_unwind::hbf28fafa723b2128
[INFO] [stderr]                                  at src/libstd/panic.rs:394
[INFO] [stderr]     22:     0x5607aa1a4c63 - std::rt::lang_start_internal::he959aa59bc3ec202
[INFO] [stderr]                                  at src/libstd/rt.rs:51
[INFO] [stderr]     23:     0x5607a9b9e777 - std::rt::lang_start::h9fdff96171ef77c1
[INFO] [stderr]                                  at /rustc/cfbc6d4cf1acbac5c025acf8ed68929caa551df3/src/libstd/rt.rs:67
[INFO] [stderr]     24:     0x5607a9b9c5aa - main
[INFO] [stderr]     25:     0x7fd0d44bb0b3 - __libc_start_main
[INFO] [stderr]     26:     0x5607a9b9a1ae - _start
[INFO] [stderr]     27:                0x0 - <unknown>
[INFO] running `Command { std: "docker" "inspect" "dcd73ed76859060d3676c444a726f94763f50258ef75d8d6308f737a1e4cf52d", kill_on_drop: false }`
[INFO] running `Command { std: "docker" "rm" "-f" "dcd73ed76859060d3676c444a726f94763f50258ef75d8d6308f737a1e4cf52d", kill_on_drop: false }`
[INFO] [stdout] dcd73ed76859060d3676c444a726f94763f50258ef75d8d6308f737a1e4cf52d
